is the units digit of q?
7
Let y = -408 + 383. What is the thousands digit of y/((-75)/1662)*5/2?
1
Let g = 434 - 196. Let s = 528 - g. What is the hundreds digit of s?
2
Let u(j) = 18*j + 22. Let i be u(9). Let y = i + -113. What is the units digit of y?
1
Let b(c) be the third derivative of -1/20*c**5 + 0*c + 1/120*c**6 - 4*c**2 - 7/24*c**4 + 0 + 4/3*c**3. What is the tens digit of b(5)?
2
Let l(p) = -p**3 + 28*p**2 - 28*p + 66. Suppose -10*u - 49 = -17*u. Let j(d) = 8*d - 29. Let n be j(u). What is the units digit of l(n)?
9
Suppose 0 = 3*a - 3*j - 6, 0 = -5*a - 3*j + 5*j + 7. Let m be a*(-28)/(-2) + -4. Let h = 34 - m. What is the units digit of h?
4
Suppose 0 = -699*a + 696*a + 2442. Suppose 26*j + 2*f = 29*j - a, -5*f + 277 = j. What is the hundreds digit of j?
2
Let z(s) = 36*s**2 - 444*s + 154. What is the hundreds digit of z(40)?
9
Let m(d) = -d**2 - 3*d + 12. Suppose 2*y - 15 = 5*k, -2*k + 2 = 12. Let i be m(y). Suppose 0 = -i*v + 6*v - 52. What is the tens digit of v?
1
What is the hundreds digit of ((-3687)/12)/((-10)/1450) - (-9)/12?
5
Suppose -2*t - 604 = -z, -t + 12*z - 299 = 13*z. Let r = t - -1478. What is the thousands digit of r?
1
Let f = 106897 - 50719. What is the ten thousands digit of f?
5
Suppose 3*v + 2*x = 155144, -x + 410257 = 5*v + 151700. What is the ten thousands digit of v?
5
Let y = 56059 + -36776. What is the tens digit of y?
8
What is the thousands digit of (-11 + 832/1)*2?
1
Suppose -43*c + 30*c = 50*c - 443016. What is the units digit of c?
2
Suppose -5*y - a = -2*y - 14, 2*a + 16 = 5*y. Suppose -3*j + 156 = y*r - 5*j, -156 = -4*r - j. Suppose 0 = k - r - 152. What is the tens digit of k?
9
Let p be (65/6)/(4/24). Suppose -58*z = -p*z + 952. What is the units digit of z?
6
Suppose 39951 + 46513 = 8*h. What is the ten thousands digit of h?
1
Let y = -136 - -164. Suppose 2148 = y*l - 6644. What is the hundreds digit of l?
3
Let j(k) = -6*k + 15. Let m = 52 + -48. Let s be j(m). What is the hundreds digit of (27/s)/((-4)/212)?
1
Let z be (-192)/(-84) + 4/(-14). Let p(b) = 8*b**3 - 4*b**2 + 7*b - 7. Let w be p(z). Let j = w - -10. What is the tens digit of j?
6
Let d(y) = 19*y + 41. Let n be d(-12). Let q = 236 + n. What is the units digit of q?
9
Let k = 2017 + -1177. Suppose -4*z + k = -4*p, -5*z - 313 = p - 1381. What is the hundreds digit of z?
2
Suppose 18 = -2*f + 4*f. Suppose 2*o + 2918 = 5*p, 50*p = 49*p + o + 583. Suppose 0 = f*h - h - p. What is the units digit of h?
3
Let u(n) = n**3 - 63*n**2 - 106*n - 57. What is the hundreds digit of u(65)?
5
Let d(b) = -1543*b - 46. Let j be d(-3). Suppose 2275 = 2*s + 5*z, 0 = -3*s - s + z + j. What is the thousands digit of s?
1
Let y(m) = 5*m**2 + 181*m - 55. What is the units digit of y(61)?
1
Suppose 6882*m + 41188 = 6896*m. What is the tens digit of m?
4
Let n(m) = -m + 9. Let o be n(0). Suppose 5*k + 28 = o*k. Let v = k - -18. What is the tens digit of v?
2
Suppose 0 = u + 5*g + 2914 - 12010, 4*u = 5*g + 36359. What is the thousands digit of u?
9
Suppose 20*x - 7274 = 4946. Suppose 4*d - 941 = x. What is the units digit of d?
8
What is the hundreds digit of 26926/24*26 + (-5)/(-30) + -3?
1
Let a be (-19)/(-2)*(6/(-11) - (-84)/33). Let i(k) = -k**2 + 14 + 17*k + 40 + 5*k. What is the tens digit of i(a)?
1
Let w(s) = s - 27. Let b be w(-9). Let a = 45 + b. Let d(u) = u**2 + 5*u + 20. What is the units digit of d(a)?
6
Let k(a) = -16*a + 130. Let f be k(7). Let m(z) = 2*z**3 - 37*z**2 + 39*z + 6. What is the tens digit of m(f)?
8
Suppose -31 - 1130 = -3*a. Let v = 731 - a. What is the tens digit of v?
4
Let h(y) = 5*y - 102. Let j be h(21). Suppose -o + 63 = 4*k, k - 139 = -j*o - k. What is the units digit of o?
3
Let v(c) = -2*c**3 - 37*c**2 + 4*c + 34. Let o be v(-19). Let s = 1234 + o. What is the tens digit of s?
5
Suppose h + 3 - 6 = 0. Suppose 3*q - 981 = -2*o, -742 = -h*q + o + 230. What is the hundreds digit of q?
3
Let i = 31 + -27. Suppose 27 = 5*x + s, 4*s - 31 = -i*x - 3. Let q = x - -21. What is the units digit of q?
6
Suppose 5*v + 47084 = n, -45*v + 49*v - 47003 = -n. What is the tens digit of n?
3
Suppose -3842 = -c + 8*r, 4*r = 2*c + r - 7645. What is the units digit of c?
8
Let d be (0 - -206)/((-35)/210). Let g = d + 1977. What is the units digit of g?
1
Let d = 37 - 0. Suppose w + d - 229 = 0. What is the units digit of (3*w/27)/(2/3)?
2
Suppose 16*k - 19*k - 1176 = 0. Let r = k + 1138. What is the units digit of r?
6
Let s = -411 + 425. Suppose 0 = -s*g + 8553 - 391. What is the units digit of g?
3
Let o(x) = 3 - 2 - 17*x**2 - 3*x + 16*x**2 - x. Let s be o(-2). Suppose -3*k + 104 = 4*j, 4*k - s*j - 87 = -0*j. What is the tens digit of k?
2
Let n be -3*(3 - 2) + 574. Let u = 839 - n. What is the units digit of u?
8
Suppose 0 = -3*g + 56*h - 54*h + 6123, 0 = 4*h. What is the tens digit of g?
4
Suppose 12*g + 114 = 54. What is the units digit of (-1)/(2/g*(-25)/(-870))?
7
Let k = -1017 + 1606. Suppose -r + 9 = 2*r. Suppose r = -z, 4*z - z = 5*j - k. What is the units digit of j?
6
Suppose v = 3, -34 = -5*y - 3*v + 5. Let q(n) = 6*n**2 - 3*n + 10. What is the hundreds digit of q(y)?
2
Let a = 2570 - 3636. Let q = a + 2025. What is the tens digit of q?
5
Let d be 204/85*(-3)/((-9)/50). Suppose d*i = 35*i + 20. What is the tens digit of (-216)/5*2*(-10)/i?
1
Suppose 0 = 4*d - 4*g, -d = 31*g - 30*g - 6. What is the hundreds digit of (2077/d - 0) + (-30)/90?
6
Suppose 0 = -f - f - 3*g + 24, -f - 2*g + 12 = 0. What is the units digit of -1*f/(-3)*96?
4
Let a = 3 - 1. Let y(q) = 2*q**3 - 11*q**2 + 15*q - 12. Let u be y(4). Suppose u = a*l - 218 - 60. What is the units digit of l?
9
Suppose 0*s = 2*s - 4866 - 15446. What is the tens digit of s?
5
Suppose 2*f + 5*o = 13831, 4*o - 2634 - 18109 = -3*f. What is the units digit of f?
3
Let w(x) = -x**3 - 17*x**2 + 9*x + 479. What is the units digit of w(-19)?
0
Suppose -3*c + 3067 = 79*n - 77*n, 0 = 3*c - 2*n - 3071. What is the thousands digit of c?
1
Suppose -6158 = -2*u + 5*v, -712*v - 6158 = -2*u - 713*v. What is the units digit of u?
9
Let k = -717 - -722. Suppose -5*p + 4780 = 4*g - g, 4*p = -k*g + 7984. What is the units digit of g?
0
Suppose h = -2*u - 372, h + 20 = -4*h. What is the tens digit of 3 - (-11 + u + (1 - 1))?
9
Suppose 2*v - 3*k = 45882, -12*k = -11*k + 4. What is the hundreds digit of v?
9
Let i = -19346 - -28660. What is the hundreds digit of i?
3
Suppose -13 = 4*t - 5*t. Suppose 0 = -5*a - 7 - t. What is the units digit of -2 + 2 + a + 99?
5
Let s(n) = -n**3 + n + 61 - 992*n**2 - 1003*n**2 + 1999*n**2. What is the hundreds digit of s(-7)?
5
What is the ten thousands digit of (1528824/(-18))/22*-3?
1
Let a(x) = 4*x**2 + 7*x + 6. Let t be a(-4). Let j = -37 + t. Suppose -j*u = -2*u - 258. What is the tens digit of u?
8
Let o(a) be the first derivative of 25*a**3/3 + 11*a**2/2 + 32*a - 38. What is the tens digit of o(-3)?
2
Let g be 244/(-28) + 6/(-21). Let i = g - -11. Suppose -4*q + 312 = -q + i*f, -409 = -4*q - 5*f. What is the units digit of q?
6
Suppose -4*s - 7096 = 160*j - 163*j, 0 = 2*j + 4*s - 4744. What is the thousands digit of j?
2
Let m(j) be the first derivative of 13/2*j**2 + 20*j - 20/3*j**3 - 15 - 1/4*j**4. What is the units digit of m(-21)?
8
Suppose -42*k - 2*l = -40*k - 80864, -4*k = -l - 161738. What is the thousands digit of k?
0
Suppose 7*d = 3*d - 5*s + 59, 3*s = -3*d + 45. What is the hundreds digit of -2 + (191/(-3))/(d/(-336))?
3
Suppose -2641114 = 75*d - 208*d. What is the thousands digit of d?
9
Let l be (-7 + 6)/((-1)/4*2). Suppose -2*i - 49 = g, l*g + 2*g + 3*i = -201. Let y = g - -175. What is the units digit of y?
4
Suppose 157*l - 208*l = -1732317. What is the tens digit of l?
6
Let y(i) = -2. Let f(g) = 20*g**2 - 7*g + 22. Let h(c) = f(c) + y(c). What is the hundreds digit of h(4)?
3
Let c be -1*(610/40 - (-2)/(-8)). What is the hundreds digit of (-40)/c*124 + 3/9?
3
Suppose 0 = 5*g + 2*h - 21504, -g = -14*h + 16*h - 4304. What is the hundreds digit of g?
3
What is the hundreds digit of 5256972/147 + -41 + (-4)/(-14)?
7
Let u(x) = -2*x**3 + 10*x**2 + x - 6. Let r be u(5). Let w(t) = -7*t - 5. Let g be w(r). Suppose 0 = -g*m + 401 + 101. What is the units digit of m?
1
Suppose 0 = 2*o - 3*r - 9847, 13*r = -2*o + 7*r + 9838. What is the hundreds 